{"id":2,"date":"2016-05-10T03:48:21","date_gmt":"2016-05-10T03:48:21","guid":{"rendered":"http:\/\/kalaji.de\/?page_id=2"},"modified":"2019-08-23T19:35:19","modified_gmt":"2019-08-23T19:35:19","slug":"sample-page","status":"publish","type":"page","link":"https:\/\/kalaji.de\/?page_id=2","title":{"rendered":"Impressum"},"content":{"rendered":"<p><strong data-rich-text-format-boundary=\"true\">Verantwortlich f\u00fcr den Inhalt dieser Webseite:\u00a0<\/strong><br data-rich-text-line-break=\"true\" \/>Kinan Kalaji<br data-rich-text-line-break=\"true\" \/>Liebigstra\u00dfe 6<br data-rich-text-line-break=\"true\" \/>91052 Erlangen<br data-rich-text-line-break=\"true\" \/>Deutschland<br data-rich-text-line-break=\"true\" \/><br data-rich-text-line-break=\"true\" \/>Kontakt \u00fcber das Kontaktformular.\u00a0<br data-rich-text-line-break=\"true\" \/>\u00a0\u00a0<br data-rich-text-line-break=\"true\" \/><strong>Bildquellen:<\/strong>\u00a0<br data-rich-text-line-break=\"true\" \/>Alle verwendeten Bildquellen stammen von \u2013 Pixybay und unterliegen der Lizenz: CC0 Public Domain. \u2013 Fotolia mit entsprechenden Lizenzen. Diese k\u00f6nnen auf Anfrage eingesehen werden. Icons entstanden in Eigenarbeit, sowie von Freepik.Icons made by\u00a0<a href=\"https:\/\/www.flaticon.com\/authors\/vectors-market\">Vectors Market<\/a>\u00a0from\u00a0<a href=\"https:\/\/www.flaticon.com\/\">www.flaticon.com<\/a>\u00a0is licensed by\u00a0<a href=\"http:\/\/creativecommons.org\/licenses\/by\/3.0\/\" target=\"_blank\" rel=\"noreferrer noopener\">CC 3.0 BY<\/a>Icons made by\u00a0<a href=\"http:\/\/www.freepik.com\/\">Freepik<\/a>\u00a0from\u00a0<a href=\"https:\/\/www.flaticon.com\/\">www.flaticon.com<\/a>\u00a0is licensed by\u00a0<a href=\"http:\/\/creativecommons.org\/licenses\/by\/3.0\/\" target=\"_blank\" rel=\"noreferrer noopener\">CC 3.0 BY<\/a>Icons made by\u00a0<a href=\"https:\/\/www.flaticon.com\/authors\/popcorns-arts\">Icon Pond<\/a>\u00a0from\u00a0<a href=\"https:\/\/www.flaticon.com\/\">www.flaticon.com<\/a>\u00a0is licensed by\u00a0<a href=\"http:\/\/creativecommons.org\/licenses\/by\/3.0\/\" target=\"_blank\" rel=\"noreferrer noopener\">CC 3.0 BY<br data-rich-text-line-break=\"true\" \/><\/a><br data-rich-text-line-break=\"true\" \/><strong>Haftungsausschluss:\u00a0<\/strong><br data-rich-text-line-break=\"true\" \/>1. Inhalt des Onlineangebotes Der Autor \u00fcbernimmt keinerlei Gew\u00e4hr f\u00fcr die Aktualit\u00e4t, Korrektheit, Vollst\u00e4ndigkeit oder Qualit\u00e4t der bereitgestellten Informationen. Haftungsanspr\u00fcche gegen den Autor, welche sich auf Sch\u00e4den materieller oder ideeller Art beziehen, die durch die Nutzung oder Nichtnutzung der dargebotenen Informationen bzw. durch die Nutzung fehlerhafter und unvollst\u00e4ndiger Informationen verursacht wurden, sind grunds\u00e4tzlich ausgeschlossen, sofern seitens des Autors kein nachweislich vors\u00e4tzliches oder grob fahrl\u00e4ssiges Verschulden vorliegt. Alle Angebote sind freibleibend und unverbindlich. Der Autor beh\u00e4lt es sich ausdr\u00fccklich vor, Teile der Seiten oder das gesamte Angebot ohne gesonderte Ank\u00fcndigung zu ver\u00e4ndern, zu erg\u00e4nzen, zu l\u00f6schen oder die Ver\u00f6ffentlichung zeitweise oder endg\u00fcltig einzustellen.<\/p>\n","protected":false},"excerpt":{"rendered":"<p>Verantwortlich f\u00fcr den Inhalt dieser Webseite:\u00a0Kinan KalajiLiebigstra\u00dfe 691052 ErlangenDeutschlandKontakt \u00fcber das Kontaktformular.\u00a0\u00a0\u00a0Bildquellen:\u00a0Alle verwendeten Bildquellen stammen von \u2013 Pixybay und unterliegen der Lizenz: CC0 Public Domain. \u2013 Fotolia mit entsprechenden Lizenzen. Diese k\u00f6nnen auf Anfrage eingesehen werden. Icons entstanden in Eigenarbeit, sowie von Freepik.Icons made by\u00a0Vectors Market\u00a0from\u00a0www.flaticon.com\u00a0is licensed by\u00a0CC 3.0 BYIcons made by\u00a0Freepik\u00a0from\u00a0www.flaticon.com\u00a0is licensed by\u00a0CC 3.0 [&hellip;]<\/p>\n","protected":false},"author":1,"featured_media":0,"parent":0,"menu_order":0,"comment_status":"closed","ping_status":"open","template":"","meta":{"footnotes":""},"class_list":["post-2","page","type-page","status-publish","hentry"],"_links":{"self":[{"href":"https:\/\/kalaji.de\/index.php?rest_route=\/wp\/v2\/pages\/2","targetHints":{"allow":["GET"]}}],"collection":[{"href":"https:\/\/kalaji.de\/index.php?rest_route=\/wp\/v2\/pages"}],"about":[{"href":"https:\/\/kalaji.de\/index.php?rest_route=\/wp\/v2\/types\/page"}],"author":[{"embeddable":true,"href":"https:\/\/kalaji.de\/index.php?rest_route=\/wp\/v2\/users\/1"}],"replies":[{"embeddable":true,"href":"https:\/\/kalaji.de\/index.php?rest_route=%2Fwp%2Fv2%2Fcomments&post=2"}],"version-history":[{"count":5,"href":"https:\/\/kalaji.de\/index.php?rest_route=\/wp\/v2\/pages\/2\/revisions"}],"predecessor-version":[{"id":554,"href":"https:\/\/kalaji.de\/index.php?rest_route=\/wp\/v2\/pages\/2\/revisions\/554"}],"wp:attachment":[{"href":"https:\/\/kalaji.de\/index.php?rest_route=%2Fwp%2Fv2%2Fmedia&parent=2"}],"curies":[{"name":"wp","href":"https:\/\/api.w.org\/{rel}","templated":true}]}}